{"id":1166,"date":"2022-09-26T14:08:29","date_gmt":"2022-09-26T14:08:29","guid":{"rendered":"http:\/\/iam.gov.mz\/?page_id=1166"},"modified":"2026-02-13T12:45:10","modified_gmt":"2026-02-13T12:45:10","slug":"membro-do-conselho-de-direccao-do-iamip","status":"publish","type":"page","link":"https:\/\/iam.gov.mz\/index.php\/membro-do-conselho-de-direccao-do-iamip\/","title":{"rendered":"Membro do Conselho de Direc\u00e7\u00e3o do IAM,IP"},"content":{"rendered":"\n<div class=\"wp-block-columns is-layout-flex wp-container-core-columns-is-layout-9d6595d7 wp-block-columns-is-layout-flex\">\n<div class=\"wp-block-column is-layout-flow wp-block-column-is-layout-flow\" style=\"flex-basis:100%\">\n<section class=\"wp-block-kenzap-team-members-block-01 kenzap-members\" style=\"background-color:#ffffff;background-image:none;background-size:auto;background-repeat:no-repeat;padding-top:0;padding-bottom:0\"><div class=\"team-cont\" style=\"max-width:1200px\"><div class=\"member-block\"><div class=\"member-info\" style=\"margin-left:33px;margin-right:33px\"><img decoding=\"async\" class=\"avatar_front\" src=\"http:\/\/iam.gov.mz\/wp-content\/uploads\/2022\/10\/Bande-3.jpg\" style=\"width:auto;height:160px;border-width:0;border-radius:0;border-color:#ffffff\"\/><h3 style=\"font-size:18px;margin-bottom:10px;margin-top:-1.5px;color:#252525\">Il\u00eddio Afonso Jos\u00e9 Bande<\/h3><p style=\"font-size:15px;margin-bottom:15px;color:#909090\">     Director Geral<\/p><ul class=\"member-social\"><\/ul><\/div><\/div><\/div><\/section>\n<\/div>\n<\/div>\n\n\n\n<section class=\"wp-block-kenzap-team-members-block-01 kenzap-members\" style=\"background-color:#ffffff;background-image:none;background-size:auto;background-repeat:no-repeat;padding-top:0;padding-bottom:0\"><div class=\"team-cont\" style=\"max-width:1029px\"><div class=\"member-block\"><div class=\"member-info\" style=\"margin-left:26px;margin-right:26px\"><img decoding=\"async\" class=\"avatar_front\" src=\"http:\/\/iam.gov.mz\/wp-content\/uploads\/2022\/10\/Feliza2.jpg\" style=\"width:auto;height:132px;border-width:0;border-radius:0;border-color:#3498db\"\/><h3 style=\"font-size:18px;margin-bottom:10px;margin-top:-1.5px;color:#000000\">Feliza Macome<\/h3><p style=\"font-size:15px;margin-bottom:15px;color:#909090\">  Directora de SDEPA<\/p><ul class=\"member-social\"><\/ul><\/div><\/div><div class=\"member-block\"><div class=\"member-info\" style=\"margin-left:26px;margin-right:26px\"><img decoding=\"async\" class=\"avatar_front\" src=\"http:\/\/iam.gov.mz\/wp-content\/uploads\/2022\/10\/IMG_3525-scaled.jpg\" style=\"width:auto;height:132px;border-width:0;border-radius:0;border-color:#3498db\"\/><h3 style=\"font-size:18px;margin-bottom:10px;margin-top:-1.5px;color:#000000\">Americo Uaciquete<\/h3><p style=\"font-size:15px;margin-bottom:15px;color:#909090\">Director de SIA <\/p><ul class=\"member-social\"><\/ul><\/div><\/div><div class=\"member-block\"><div class=\"member-info\" style=\"margin-left:26px;margin-right:26px\"><img decoding=\"async\" class=\"avatar_front\" src=\"http:\/\/iam.gov.mz\/wp-content\/uploads\/2022\/10\/sem-foto-1.png\" style=\"width:auto;height:132px;border-width:0;border-radius:0;border-color:#3498db\"\/><h3 style=\"font-size:18px;margin-bottom:10px;margin-top:-1.5px;color:#000000\">Director(a) de SEPLAC<\/h3><p style=\"font-size:15px;margin-bottom:15px;color:#909090\">      Director(a) de SEPLAC  <\/p><ul class=\"member-social\"><\/ul><\/div><\/div><div class=\"member-block\"><div class=\"member-info\" style=\"margin-left:26px;margin-right:26px\"><img decoding=\"async\" class=\"avatar_front\" src=\"http:\/\/iam.gov.mz\/wp-content\/uploads\/2022\/10\/Joao.jpg\" style=\"width:auto;height:132px;border-width:0;border-radius:0;border-color:#3498db\"\/><h3 style=\"font-size:18px;margin-bottom:10px;margin-top:-1.5px;color:#000000\">Jo\u00e3o Jo\u00e3o Macuacua<\/h3><p style=\"font-size:15px;margin-bottom:15px;color:#909090\">Chefe de DAF<\/p><ul class=\"member-social\"><\/ul><\/div><\/div><div class=\"member-block\"><div class=\"member-info\" style=\"margin-left:26px;margin-right:26px\"><img decoding=\"async\" class=\"avatar_front\" src=\"http:\/\/iam.gov.mz\/wp-content\/uploads\/2022\/10\/Jaime.jpg\" style=\"width:auto;height:132px;border-width:0;border-radius:0;border-color:#3498db\"\/><h3 style=\"font-size:18px;margin-bottom:10px;margin-top:-1.5px;color:#000000\">Jaime Saveca<\/h3><p style=\"font-size:15px;margin-bottom:15px;color:#909090\">      Chefe do DAQ <\/p><ul class=\"member-social\"><\/ul><\/div><\/div><div class=\"member-block\"><div class=\"member-info\" style=\"margin-left:26px;margin-right:26px\"><img decoding=\"async\" class=\"avatar_front\" src=\"http:\/\/iam.gov.mz\/wp-content\/uploads\/2022\/10\/Telma.jpg\" style=\"width:auto;height:132px;border-width:0;border-radius:0;border-color:#3498db\"\/><h3 style=\"font-size:18px;margin-bottom:10px;margin-top:-1.5px;color:#000000\">Telma Monica Mtaia<\/h3><p style=\"font-size:15px;margin-bottom:15px;color:#909090\"> Chefe de DRH<\/p><ul class=\"member-social\"><\/ul><\/div><\/div><\/div><\/section>\n\n\n\n<p><strong>Legenda<\/strong><\/p>\n\n\n\n<p>DG-Director Geral<\/p>\n\n\n\n<p>SDEPA-Servi\u00e7os Centrais de Desenvolvimento da Produ\u00e7\u00e3o de Am\u00eandoas<\/p>\n\n\n\n<p>SIA-Servi\u00e7os Centrais de Investiga\u00e7\u00e3o de Am\u00eandoas <\/p>\n\n\n\n<p>SEPLAC-Servi\u00e7os Centrais de Estudos, Planifica\u00e7\u00e3o e Coopera\u00e7\u00e3o<\/p>\n\n\n\n<p>DAF-Departamento de Administra\u00e7\u00e3o e Finan\u00e7as<\/p>\n\n\n\n<p>DRH-Departamento de Recursos Humanos<\/p>\n\n\n\n<p>DAQ-Departamento de Aquisi\u00e7\u00f5es<\/p>\n\n\n\n<p><\/p>\n\n\n\n<p class=\"has-text-align-center has-large-font-size\"><strong>Delegados Provinciais<\/strong><\/p>\n\n\n\n<section class=\"wp-block-kenzap-team-members-block-01 kenzap-members fullwidth\" style=\"background-color:#ffffff;background-image:none;background-size:auto;background-repeat:no-repeat;padding-top:0;padding-bottom:0\"><div class=\"team-cont\" style=\"max-width:1120px\"><div class=\"member-block\"><div class=\"member-info\" style=\"margin-left:9px;margin-right:9px\"><div class=\"avatar_placeholder\" style=\"width:100px;height:100px;border-width:0;border-radius:0;border-color:#3498db\"><\/div><h3 style=\"font-size:18px;margin-bottom:10px;margin-top:-1.5px;color:#252525\">Adelino Tadeu<\/h3><p style=\"font-size:15px;margin-bottom:15px;color:#909090\">Delegado de Niassa<\/p><ul class=\"member-social\"><\/ul><\/div><\/div><div class=\"member-block\"><div class=\"member-info\" style=\"margin-left:9px;margin-right:9px\"><div class=\"avatar_placeholder\" style=\"width:100px;height:100px;border-width:0;border-radius:0;border-color:#3498db\"><\/div><h3 style=\"font-size:18px;margin-bottom:10px;margin-top:-1.5px;color:#252525\">Ant\u00f3nio M\u00e1rio A. Jone<\/h3><p style=\"font-size:15px;margin-bottom:15px;color:#909090\">Delegado de Cabo Delgado<\/p><ul class=\"member-social\"><\/ul><\/div><\/div><div class=\"member-block\"><div class=\"member-info\" style=\"margin-left:9px;margin-right:9px\"><div class=\"avatar_placeholder\" style=\"width:100px;height:100px;border-width:0;border-radius:0;border-color:#3498db\"><\/div><h3 style=\"font-size:18px;margin-bottom:10px;margin-top:-1.5px;color:#252525\">Julio Langa<\/h3><p style=\"font-size:15px;margin-bottom:15px;color:#909090\">Delegado de Nampula<\/p><ul class=\"member-social\"><\/ul><\/div><\/div><div class=\"member-block\"><div class=\"member-info\" style=\"margin-left:9px;margin-right:9px\"><img decoding=\"async\" class=\"avatar_front\" src=\"http:\/\/iam.gov.mz\/wp-content\/uploads\/2024\/10\/IMG-20220518-WA0032.jpg\" style=\"width:auto;height:100px;border-width:0;border-radius:0;border-color:#3498db\"\/><h3 style=\"font-size:18px;margin-bottom:10px;margin-top:-1.5px;color:#252525\">Judite Pacali<\/h3><p style=\"font-size:15px;margin-bottom:15px;color:#909090\">Delegada de Tete<\/p><ul class=\"member-social\"><\/ul><\/div><\/div><div class=\"member-block\"><div class=\"member-info\" style=\"margin-left:9px;margin-right:9px\"><div class=\"avatar_placeholder\" style=\"width:100px;height:100px;border-width:0;border-radius:0;border-color:#3498db\"><\/div><h3 style=\"font-size:18px;margin-bottom:10px;margin-top:-1.5px;color:#252525\">Sifa Bernardo<\/h3><p style=\"font-size:15px;margin-bottom:15px;color:#909090\">Delegado da Zamb\u00e9zia<\/p><ul class=\"member-social\"><\/ul><\/div><\/div><div class=\"member-block\"><div class=\"member-info\" style=\"margin-left:9px;margin-right:9px\"><img decoding=\"async\" class=\"avatar_front\" src=\"http:\/\/iam.gov.mz\/wp-content\/uploads\/2024\/10\/IMG_7839-scaled.jpg\" style=\"width:auto;height:100px;border-width:0;border-radius:0;border-color:#3498db\"\/><h3 style=\"font-size:18px;margin-bottom:10px;margin-top:-1.5px;color:#252525\">Marta Chicava<\/h3><p style=\"font-size:15px;margin-bottom:15px;color:#909090\">Delegada de Sofala<\/p><ul class=\"member-social\"><\/ul><\/div><\/div><div class=\"member-block\"><div class=\"member-info\" style=\"margin-left:9px;margin-right:9px\"><img decoding=\"async\" class=\"avatar_front\" src=\"http:\/\/iam.gov.mz\/wp-content\/uploads\/2024\/10\/IMG_7821-scaled.jpg\" style=\"width:auto;height:100px;border-width:0;border-radius:0;border-color:#3498db\"\/><h3 style=\"font-size:18px;margin-bottom:10px;margin-top:-1.5px;color:#252525\">Fanqui Anli<\/h3><p style=\"font-size:15px;margin-bottom:15px;color:#909090\">Delegado Manica<\/p><ul class=\"member-social\"><\/ul><\/div><\/div><div class=\"member-block\"><div class=\"member-info\" style=\"margin-left:9px;margin-right:9px\"><img decoding=\"async\" class=\"avatar_front\" src=\"http:\/\/iam.gov.mz\/wp-content\/uploads\/2024\/10\/IMG_6180-scaled.jpg\" style=\"width:auto;height:100px;border-width:0;border-radius:0;border-color:#3498db\"\/><h3 style=\"font-size:18px;margin-bottom:10px;margin-top:-1.5px;color:#252525\">Elidio Bacar<\/h3><p style=\"font-size:15px;margin-bottom:15px;color:#909090\">Delegado de Inhambane<\/p><ul class=\"member-social\"><\/ul><\/div><\/div><div class=\"member-block\"><div class=\"member-info\" style=\"margin-left:9px;margin-right:9px\"><img decoding=\"async\" class=\"avatar_front\" src=\"http:\/\/iam.gov.mz\/wp-content\/uploads\/2024\/10\/IMG_6190-scaled.jpg\" style=\"width:auto;height:100px;border-width:0;border-radius:0;border-color:#3498db\"\/><h3 style=\"font-size:18px;margin-bottom:10px;margin-top:-1.5px;color:#252525\">Sergio Uique<\/h3><p style=\"font-size:15px;margin-bottom:15px;color:#909090\">Delegado de Gaza<\/p><ul class=\"member-social\"><\/ul><\/div><\/div><div class=\"member-block\"><div class=\"member-info\" style=\"margin-left:9px;margin-right:9px\"><img decoding=\"async\" class=\"avatar_front\" src=\"http:\/\/iam.gov.mz\/wp-content\/uploads\/2024\/10\/IMG_6186-scaled.jpg\" style=\"width:auto;height:100px;border-width:0;border-radius:0;border-color:#3498db\"\/><h3 style=\"font-size:18px;margin-bottom:10px;margin-top:-1.5px;color:#252525\">Arlete Macuacua<\/h3><p style=\"font-size:15px;margin-bottom:15px;color:#909090\">Delegada de Maputo<\/p><ul class=\"member-social\"><\/ul><\/div><\/div><\/div><\/section>\n\n\n\n<section class=\"wp-block-kenzap-team-members-block-01 kenzap-members fullwidth\" style=\"background-color:#ffffff;background-image:none;background-size:auto;background-repeat:no-repeat;padding-top:5px;padding-bottom:5px\"><div class=\"team-cont\" style=\"max-width:1491px\"><\/div><\/section>\n\n\n\n<p><\/p>\n\n\n\n<section class=\"wp-block-kenzap-team-members-block-01 kenzap-members\" style=\"background-color:#ffffff;background-image:none;background-size:auto;background-repeat:no-repeat;padding-top:0;padding-bottom:0\"><div class=\"team-cont\" style=\"max-width:1200px\"><\/div><\/section>\n","protected":false},"excerpt":{"rendered":"<p>Legenda DG-Director Geral SDEPA-Servi\u00e7os Centrais de Desenvolvimento da Produ\u00e7\u00e3o de Am\u00eandoas SIA-Servi\u00e7os Centrais de Investiga\u00e7\u00e3o de Am\u00eandoas SEPLAC-Servi\u00e7os Centrais de Estudos, Planifica\u00e7\u00e3o e Coopera\u00e7\u00e3o DAF-Departamento de Administra\u00e7\u00e3o e Finan\u00e7as DRH-Departamento de Recursos Humanos DAQ-Departamento de Aquisi\u00e7\u00f5es Delegados Provinciais<\/p>\n","protected":false},"author":1,"featured_media":0,"parent":0,"menu_order":0,"comment_status":"closed","ping_status":"closed","template":"","meta":{"_price":"","_stock":"","_tribe_ticket_header":"","_tribe_default_ticket_provider":"","_tribe_ticket_capacity":"0","_ticket_start_date":"","_ticket_end_date":"","_tribe_ticket_show_description":"","_tribe_ticket_show_not_going":false,"_tribe_ticket_use_global_stock":"","_tribe_ticket_global_stock_level":"","_global_stock_mode":"","_global_stock_cap":"","_tribe_rsvp_for_event":"","_tribe_ticket_going_count":"","_tribe_ticket_not_going_count":"","_tribe_tickets_list":"[]","_tribe_ticket_has_attendee_info_fields":false,"footnotes":"","_tec_slr_enabled":"","_tec_slr_layout":""},"class_list":["post-1166","page","type-page","status-publish","hentry"],"ticketed":false,"_links":{"self":[{"href":"https:\/\/iam.gov.mz\/index.php\/wp-json\/wp\/v2\/pages\/1166","targetHints":{"allow":["GET"]}}],"collection":[{"href":"https:\/\/iam.gov.mz\/index.php\/wp-json\/wp\/v2\/pages"}],"about":[{"href":"https:\/\/iam.gov.mz\/index.php\/wp-json\/wp\/v2\/types\/page"}],"author":[{"embeddable":true,"href":"https:\/\/iam.gov.mz\/index.php\/wp-json\/wp\/v2\/users\/1"}],"replies":[{"embeddable":true,"href":"https:\/\/iam.gov.mz\/index.php\/wp-json\/wp\/v2\/comments?post=1166"}],"version-history":[{"count":12,"href":"https:\/\/iam.gov.mz\/index.php\/wp-json\/wp\/v2\/pages\/1166\/revisions"}],"predecessor-version":[{"id":3762,"href":"https:\/\/iam.gov.mz\/index.php\/wp-json\/wp\/v2\/pages\/1166\/revisions\/3762"}],"wp:attachment":[{"href":"https:\/\/iam.gov.mz\/index.php\/wp-json\/wp\/v2\/media?parent=1166"}],"curies":[{"name":"wp","href":"https:\/\/api.w.org\/{rel}","templated":true}]}}