{"id":31,"date":"2021-02-12T06:27:05","date_gmt":"2021-02-12T06:27:05","guid":{"rendered":"http:\/\/paraestudar.online\/?page_id=31"},"modified":"2024-09-27T20:09:31","modified_gmt":"2024-09-27T20:09:31","slug":"carta-de-servico","status":"publish","type":"page","link":"https:\/\/iam.gov.mz\/index.php\/informacao\/carta-de-servico\/","title":{"rendered":"Carta de Servi\u00e7o"},"content":{"rendered":"\n<h6 class=\"wp-block-heading\"><strong><\/strong><\/h6>\n\n\n\n<div class=\"wp-block-columns is-layout-flex wp-container-core-columns-is-layout-9d6595d7 wp-block-columns-is-layout-flex\">\n<div class=\"wp-block-column is-layout-flow wp-block-column-is-layout-flow\"><\/div>\n\n\n\n<div class=\"wp-block-column is-layout-flow wp-block-column-is-layout-flow\"><div class=\"wp-block-image\">\n<figure class=\"aligncenter size-full\"><img decoding=\"async\" width=\"90\" height=\"97\" src=\"http:\/\/iam.gov.mz\/wp-content\/uploads\/2021\/05\/RDP-SEM-FUNDO_Layer-1.png\" alt=\"\" class=\"wp-image-151\"\/><\/figure>\n<\/div><\/div>\n\n\n\n<div class=\"wp-block-column is-layout-flow wp-block-column-is-layout-flow\"><\/div>\n<\/div>\n\n\n\n<h6 class=\"has-text-align-center wp-block-heading\"><strong>REP\u00daBLICA DE MO\u00c7AMBIQUE<\/strong><\/h6>\n\n\n\n<h6 class=\"has-text-align-center wp-block-heading\"><strong>MINIST\u00c9RIO DE AGRICULTURA E DESENVOLVIMENTO RURAL<\/strong><\/h6>\n\n\n\n<h6 class=\"has-text-align-center wp-block-heading\"><strong>INSTITUTO DE AMENDOAS DE MO\u00c7AMBIQUE, IP<\/strong><\/h6>\n\n\n\n<h6 class=\"has-text-align-center wp-block-heading\"><strong>(IAM)<\/strong><\/h6>\n\n\n\n<p><strong>Carta de Servi\u00e7os<\/strong><\/p>\n\n\n\n<p><strong>NATUREZA<\/strong><\/p>\n\n\n\n<p>O Instituto de Am\u00eandoas de Mo\u00e7ambique IP (IAM) \u00e9 uma pessoa colectiva de direito p\u00fablico, de categoria A, dotada de personalidade jur\u00eddica, com autonomia administrativa, financeira e patrimonial.<\/p>\n\n\n\n<p><strong>MISS\u00c3O<\/strong><\/p>\n\n\n\n<p>Promover o fomento da produ\u00e7\u00e3o, comercializa\u00e7\u00e3o, processamento e exporta\u00e7\u00e3o de am\u00eandoas.<\/p>\n\n\n\n<p><strong>VIS\u00c3O<\/strong><\/p>\n\n\n\n<p>Tornar o Subsector de am\u00eandoas competitivo, sustent\u00e1vel e gerador de riqueza para o pa\u00eds.<\/p>\n\n\n\n<p><strong>VALORES:<\/strong><\/p>\n\n\n\n<p>&#8211; Excel\u00eancia e Dinamismo;<\/p>\n\n\n\n<p>&#8211; Profissionalismo e Bem Servir;<\/p>\n\n\n\n<p>&#8211; Meritocracia e Integridade;<\/p>\n\n\n\n<p>&#8211; Celeridade e Disponibilidade;<\/p>\n\n\n\n<p>&#8211; Urbanidade;<\/p>\n\n\n\n<p>-Transpar\u00eancia e Honestidade;<\/p>\n\n\n\n<p>&#8211; Responsabilidade e Humildade;<\/p>\n\n\n\n<p>&#8211; Imparcialidade e Independ\u00eancia;<\/p>\n\n\n\n<p>&#8211; Justi\u00e7a Social e Equidade.<\/p>\n\n\n\n<p><strong>OBJECTIVOS:<\/strong><\/p>\n\n\n\n<p>&#8211; Promover o fomento de am\u00eandoas;<\/p>\n\n\n\n<p>&#8211; Promover a ind\u00fastria de am\u00eandoas.<\/p>\n\n\n\n<p><strong>FUN\u00c7\u00d5ES:<\/strong><\/p>\n\n\n\n<ul class=\"wp-block-list\"><li>Promo\u00e7\u00e3o de programas de fomento de am\u00eandoas;<\/li><li>Coordena\u00e7\u00e3o de actividades de investiga\u00e7\u00e3o, produ\u00e7\u00e3o, comercializa\u00e7\u00e3o, processamento e exporta\u00e7\u00e3o das am\u00eandoas;<\/li><li>Promo\u00e7\u00e3o de um ambiente para o desenvolvimento de cadeias de valor das am\u00eandoas;<\/li><li>Promo\u00e7\u00e3o do aproveitamento industrial dos subprodutos das am\u00eandoas;<\/li><li>Promo\u00e7\u00e3o de novas tecnologias de cultivo e do processamento das am\u00eandoas;<\/li><li>Promo\u00e7\u00e3o do desenvolvimento organizacional de gr\u00e9mios e institui\u00e7\u00f5es de interesse comum para o Subsector das Am\u00eandoas;<\/li><\/ul>\n\n\n\n<p><strong>COMPROMISSOS ASSUMIDOS:&nbsp; TEMPO DE ATENDIMENTO<\/strong><\/p>\n\n\n\n<figure class=\"wp-block-table\"><table><tbody><tr><td><strong>Servi\u00e7os B\u00e1sicos<\/strong><\/td><td>Tempo de espera para atendimento<\/td><td>Prazo para a obten\u00e7\u00e3o<\/td><\/tr><tr><td>Tramita\u00e7\u00e3o do registo de actores<\/td><td>5 minutos<\/td><td>1 dia<\/td><\/tr><tr><td>Informa\u00e7\u00e3o sobre oportunidades de investimento nas am\u00eandoas<\/td><td>5 minutos<\/td><td>1 dia<\/td><\/tr><tr><td>Tramita\u00e7\u00e3o de autoriza\u00e7\u00e3o para exporta\u00e7\u00e3o<\/td><td>20 minutos<\/td><td>2 dias<\/td><\/tr><tr><td>Elabora\u00e7\u00e3o de pareceres sobre propostas de investimentos<\/td><td>5 minutos<\/td><td>5 dias<\/td><\/tr><tr><td>Tramita\u00e7\u00e3o de pedidos de credito atrav\u00e9s do Fundo de Garantia<\/td><td>10 minutos<\/td><td>7 dias<\/td><\/tr><tr><td>Tramita\u00e7\u00e3o de pedidos de an\u00e1lise e emiss\u00e3o de certificado de qualidade<\/td><td>5 minutos<\/td><td>5 dias<\/td><\/tr><tr><td>Tramita\u00e7\u00e3o de pedido de assist\u00eancia t\u00e9cnica<\/td><td>10 minutos<\/td><td>3 dias<\/td><\/tr><tr><td>Emiss\u00e3o de Guia de Transito<\/td><td>5 minutos<\/td><td>1 dia<\/td><\/tr><tr><td>Tramita\u00e7\u00e3o de pedido de mudas<\/td><td>5 minutos<\/td><td>5 dias<\/td><\/tr><tr><td>Tramita\u00e7\u00e3o de pedido de Pre\u00e7o FOB de exporta\u00e7\u00e3o<\/td><td>5 minutos<\/td><td>1 dia<\/td><\/tr><\/tbody><\/table><\/figure>\n\n\n\n<p><strong>PADR\u00d5ES DE QUALIDADE:<\/strong><\/p>\n\n\n\n<ul class=\"wp-block-list\"><li>Procedimentos simplificados;<\/li><li>Celeridade e resposta em tempo \u00fatil;<\/li><li>Racionalidade na tramita\u00e7\u00e3o do expediente;<\/li><li>Disponibilidade para ajuda;<\/li><li>Rigor e brio profissional;<\/li><li>Decis\u00e3o argumentada;<\/li><li>Acessibilidade da informa\u00e7\u00e3o;<\/li><\/ul>\n\n\n\n<ul class=\"wp-block-list\" id=\"block-dd605757-5e8e-40e5-a99a-a52550943797\"><li><strong>FORMAS DE ATENDIMENTO:<\/strong><\/li><li>Balc\u00e3o \u00fanico;<\/li><li>Personalizado;<\/li><li>Telefone;<\/li><li>Correio electr\u00f3nico;<\/li><\/ul>\n\n\n\n<p><strong>HOR\u00c1RIO DE FUNCIONAMENTO<\/strong><\/p>\n\n\n\n<p><strong>De segunda \u00e0 sexta-feira<\/strong>: Das 7:30 \u00e1s 15:30 horas<\/p>\n\n\n\n<p>Rua da Gavea N\u00ba.35- 1\u00ba. a 3\u00ba. Andares, entre avenidas de 25 de Setembro a karl Marx, Baixa da Cidade<\/p>\n\n\n\n<p>Website: www.iam.gov.mz<\/p>\n\n\n\n<p>E-mail:iam@iam.gov.mz<\/p>\n\n\n\n<p>Contacto:+ 258 87 30 69 660<\/p>\n\n\n\n<p>Facebook:Incaju Gest\u00e3o\/Instituto de Am\u00eandoas de Mo\u00e7ambique, IP<\/p>\n\n\n\n<p><strong>Maputo-Mo\u00e7ambique<\/strong><\/p>\n","protected":false},"excerpt":{"rendered":"<p>REP\u00daBLICA DE MO\u00c7AMBIQUE MINIST\u00c9RIO DE AGRICULTURA E DESENVOLVIMENTO RURAL INSTITUTO DE AMENDOAS DE MO\u00c7AMBIQUE, IP (IAM) Carta de Servi\u00e7os NATUREZA O Instituto de Am\u00eandoas de Mo\u00e7ambique IP (IAM) \u00e9 uma pessoa colectiva de direito p\u00fablico, de categoria A, dotada de personalidade jur\u00eddica, com autonomia administrativa, financeira e patrimonial. MISS\u00c3O Promover o fomento da produ\u00e7\u00e3o, comercializa\u00e7\u00e3o, processamento e exporta\u00e7\u00e3o de am\u00eandoas. VIS\u00c3O Tornar o Subsector de am\u00eandoas competitivo, sustent\u00e1vel e gerador de riqueza para o pa\u00eds. VALORES: &#8211; Excel\u00eancia e Dinamismo; &#8211; Profissionalismo e Bem Servir; &#8211; Meritocracia e Integridade; &#8211; Celeridade e Disponibilidade; &#8211; Urbanidade; -Transpar\u00eancia e Honestidade; &#8211; Responsabilidade [&hellip;]<\/p>\n","protected":false},"author":1,"featured_media":27,"parent":142,"menu_order":1,"comment_status":"closed","ping_status":"closed","template":"","meta":{"_price":"","_stock":"","_tribe_ticket_header":"","_tribe_default_ticket_provider":"","_tribe_ticket_capacity":"0","_ticket_start_date":"","_ticket_end_date":"","_tribe_ticket_show_description":"","_tribe_ticket_show_not_going":false,"_tribe_ticket_use_global_stock":"","_tribe_ticket_global_stock_level":"","_global_stock_mode":"","_global_stock_cap":"","_tribe_rsvp_for_event":"","_tribe_ticket_going_count":"","_tribe_ticket_not_going_count":"","_tribe_tickets_list":"[]","_tribe_ticket_has_attendee_info_fields":false,"footnotes":"","_tec_slr_enabled":"","_tec_slr_layout":""},"class_list":["post-31","page","type-page","status-publish","has-post-thumbnail","hentry"],"ticketed":false,"_links":{"self":[{"href":"https:\/\/iam.gov.mz\/index.php\/wp-json\/wp\/v2\/pages\/31","targetHints":{"allow":["GET"]}}],"collection":[{"href":"https:\/\/iam.gov.mz\/index.php\/wp-json\/wp\/v2\/pages"}],"about":[{"href":"https:\/\/iam.gov.mz\/index.php\/wp-json\/wp\/v2\/types\/page"}],"author":[{"embeddable":true,"href":"https:\/\/iam.gov.mz\/index.php\/wp-json\/wp\/v2\/users\/1"}],"replies":[{"embeddable":true,"href":"https:\/\/iam.gov.mz\/index.php\/wp-json\/wp\/v2\/comments?post=31"}],"version-history":[{"count":1,"href":"https:\/\/iam.gov.mz\/index.php\/wp-json\/wp\/v2\/pages\/31\/revisions"}],"predecessor-version":[{"id":2096,"href":"https:\/\/iam.gov.mz\/index.php\/wp-json\/wp\/v2\/pages\/31\/revisions\/2096"}],"up":[{"embeddable":true,"href":"https:\/\/iam.gov.mz\/index.php\/wp-json\/wp\/v2\/pages\/142"}],"wp:featuredmedia":[{"embeddable":true,"href":"https:\/\/iam.gov.mz\/index.php\/wp-json\/wp\/v2\/media\/27"}],"wp:attachment":[{"href":"https:\/\/iam.gov.mz\/index.php\/wp-json\/wp\/v2\/media?parent=31"}],"curies":[{"name":"wp","href":"https:\/\/api.w.org\/{rel}","templated":true}]}}

Carta de Serviço

<h6 class="wp-block-heading"><strong></strong></h6>



<div class="wp-block-columns is-layout-flex wp-container-core-columns-is-layout-9d6595d7 wp-block-columns-is-layout-flex">
<div class="wp-block-column is-layout-flow wp-block-column-is-layout-flow"></div>



<div class="wp-block-column is-layout-flow wp-block-column-is-layout-flow"><div class="wp-block-image">
<figure class="aligncenter size-full"><img decoding="async" width="90" height="97" src="http://iam.gov.mz/wp-content/uploads/2021/05/RDP-SEM-FUNDO_Layer-1.png" alt="" class="wp-image-151"/></figure>
</div></div>



<div class="wp-block-column is-layout-flow wp-block-column-is-layout-flow"></div>
</div>



<h6 class="has-text-align-center wp-block-heading"><strong>REPÚBLICA DE MOÇAMBIQUE</strong></h6>



<h6 class="has-text-align-center wp-block-heading"><strong>MINISTÉRIO DE AGRICULTURA E DESENVOLVIMENTO RURAL</strong></h6>



<h6 class="has-text-align-center wp-block-heading"><strong>INSTITUTO DE AMENDOAS DE MOÇAMBIQUE, IP</strong></h6>



<h6 class="has-text-align-center wp-block-heading"><strong>(IAM)</strong></h6>



<p><strong>Carta de Serviços</strong></p>



<p><strong>NATUREZA</strong></p>



<p>O Instituto de Amêndoas de Moçambique IP (IAM) é uma pessoa colectiva de direito público, de categoria A, dotada de personalidade jurídica, com autonomia administrativa, financeira e patrimonial.</p>



<p><strong>MISSÃO</strong></p>



<p>Promover o fomento da produção, comercialização, processamento e exportação de amêndoas.</p>



<p><strong>VISÃO</strong></p>



<p>Tornar o Subsector de amêndoas competitivo, sustentável e gerador de riqueza para o país.</p>



<p><strong>VALORES:</strong></p>



<p>&#8211; Excelência e Dinamismo;</p>



<p>&#8211; Profissionalismo e Bem Servir;</p>



<p>&#8211; Meritocracia e Integridade;</p>



<p>&#8211; Celeridade e Disponibilidade;</p>



<p>&#8211; Urbanidade;</p>



<p>-Transparência e Honestidade;</p>



<p>&#8211; Responsabilidade e Humildade;</p>



<p>&#8211; Imparcialidade e Independência;</p>



<p>&#8211; Justiça Social e Equidade.</p>



<p><strong>OBJECTIVOS:</strong></p>



<p>&#8211; Promover o fomento de amêndoas;</p>



<p>&#8211; Promover a indústria de amêndoas.</p>



<p><strong>FUNÇÕES:</strong></p>



<ul class="wp-block-list"><li>Promoção de programas de fomento de amêndoas;</li><li>Coordenação de actividades de investigação, produção, comercialização, processamento e exportação das amêndoas;</li><li>Promoção de um ambiente para o desenvolvimento de cadeias de valor das amêndoas;</li><li>Promoção do aproveitamento industrial dos subprodutos das amêndoas;</li><li>Promoção de novas tecnologias de cultivo e do processamento das amêndoas;</li><li>Promoção do desenvolvimento organizacional de grémios e instituições de interesse comum para o Subsector das Amêndoas;</li></ul>



<p><strong>COMPROMISSOS ASSUMIDOS:&nbsp; TEMPO DE ATENDIMENTO</strong></p>



<figure class="wp-block-table"><table><tbody><tr><td><strong>Serviços Básicos</strong></td><td>Tempo de espera para atendimento</td><td>Prazo para a obtenção</td></tr><tr><td>Tramitação do registo de actores</td><td>5 minutos</td><td>1 dia</td></tr><tr><td>Informação sobre oportunidades de investimento nas amêndoas</td><td>5 minutos</td><td>1 dia</td></tr><tr><td>Tramitação de autorização para exportação</td><td>20 minutos</td><td>2 dias</td></tr><tr><td>Elaboração de pareceres sobre propostas de investimentos</td><td>5 minutos</td><td>5 dias</td></tr><tr><td>Tramitação de pedidos de credito através do Fundo de Garantia</td><td>10 minutos</td><td>7 dias</td></tr><tr><td>Tramitação de pedidos de análise e emissão de certificado de qualidade</td><td>5 minutos</td><td>5 dias</td></tr><tr><td>Tramitação de pedido de assistência técnica</td><td>10 minutos</td><td>3 dias</td></tr><tr><td>Emissão de Guia de Transito</td><td>5 minutos</td><td>1 dia</td></tr><tr><td>Tramitação de pedido de mudas</td><td>5 minutos</td><td>5 dias</td></tr><tr><td>Tramitação de pedido de Preço FOB de exportação</td><td>5 minutos</td><td>1 dia</td></tr></tbody></table></figure>



<p><strong>PADRÕES DE QUALIDADE:</strong></p>



<ul class="wp-block-list"><li>Procedimentos simplificados;</li><li>Celeridade e resposta em tempo útil;</li><li>Racionalidade na tramitação do expediente;</li><li>Disponibilidade para ajuda;</li><li>Rigor e brio profissional;</li><li>Decisão argumentada;</li><li>Acessibilidade da informação;</li></ul>



<ul class="wp-block-list" id="block-dd605757-5e8e-40e5-a99a-a52550943797"><li><strong>FORMAS DE ATENDIMENTO:</strong></li><li>Balcão único;</li><li>Personalizado;</li><li>Telefone;</li><li>Correio electrónico;</li></ul>



<p><strong>HORÁRIO DE FUNCIONAMENTO</strong></p>



<p><strong>De segunda à sexta-feira</strong>: Das 7:30 ás 15:30 horas</p>



<p>Rua da Gavea Nº.35- 1º. a 3º. Andares, entre avenidas de 25 de Setembro a karl Marx, Baixa da Cidade</p>



<p>Website: www.iam.gov.mz</p>



<p>E-mail:iam@iam.gov.mz</p>



<p>Contacto:+ 258 87 30 69 660</p>



<p>Facebook:Incaju Gestão/Instituto de Amêndoas de Moçambique, IP</p>



<p><strong>Maputo-Moçambique</strong></p>

<p>REPÚBLICA DE MOÇAMBIQUE MINISTÉRIO DE AGRICULTURA E DESENVOLVIMENTO RURAL INSTITUTO DE AMENDOAS DE MOÇAMBIQUE, IP (IAM) Carta de Serviços NATUREZA O Instituto de Amêndoas de Moçambique IP (IAM) é uma pessoa colectiva de direito público, de categoria A, dotada de personalidade jurídica, com autonomia administrativa, financeira e patrimonial. MISSÃO Promover o fomento da produção, comercialização, processamento e exportação de amêndoas. VISÃO Tornar o Subsector de amêndoas competitivo, sustentável e gerador de riqueza para o país. VALORES: &#8211; Excelência e Dinamismo; &#8211; Profissionalismo e Bem Servir; &#8211; Meritocracia e Integridade; &#8211; Celeridade e Disponibilidade; &#8211; Urbanidade; -Transparência e Honestidade; &#8211; Responsabilidade [&hellip;]</p>
