{"id":647,"date":"2022-06-29T12:04:05","date_gmt":"2022-06-29T12:04:05","guid":{"rendered":"http:\/\/iam.gov.mz\/?page_id=647"},"modified":"2024-10-23T19:18:14","modified_gmt":"2024-10-23T19:18:14","slug":"comunicacao","status":"publish","type":"page","link":"https:\/\/iam.gov.mz\/index.php\/comunicacao\/","title":{"rendered":"Comunica\u00e7\u00e3o"},"content":{"rendered":"\n<p><strong>IAM NA TV<\/strong><\/p>\n\n\n\n<p>Espa\u00e7o reservado a pe\u00e7as de reportagem exibidos em canais de televis\u00e3o com diferentes assuntos do subsector do caju e emdiferente \u00e2ngulo de abordagem.<\/p>\n\n\n\n<p><strong>COMUNICADO<\/strong><\/p>\n\n\n\n<p>Colocamos todas notas que comunicam a realiza\u00e7\u00e3o dos eventos da institui\u00e7\u00e3o, onde a breve trecho destacamos o objectivo desses eventos e a sua import\u00e2ncia para o subsector.<\/p>\n\n\n\n<p><strong>EVENTOS E COMUNICA\u00c7\u00c3O<\/strong><\/p>\n\n\n\n<p>Agenda de actualiza\u00e7\u00e3o sobre a realiza\u00e7\u00e3o dos principais eventos da institui\u00e7\u00e3o e colocamos alguns avisos importantes de algumas ac\u00e7\u00f5es de relevo da institui\u00e7\u00e3o tais pre\u00e7o de refer\u00eancia, inicio exporta\u00e7\u00e3o da castanha de caju.<\/p>\n\n\n\n<p><strong>IAM NA IMPRENSA<\/strong><\/p>\n\n\n\n<p>Uma esp\u00e9cie de Clipping ou seja s\u00e3o trechos de v\u00e1rios jornais que abordam informa\u00e7\u00e3o sobre a produ\u00e7\u00e3o do caju no pa\u00eds <a><\/a>e nos permite ver os assuntos mais retratados pela imprensa.<\/p>\n","protected":false},"excerpt":{"rendered":"<p>IAM NA TV Espa\u00e7o reservado a pe\u00e7as de reportagem exibidos em canais de televis\u00e3o com diferentes assuntos do subsector do caju e emdiferente \u00e2ngulo de abordagem. COMUNICADO Colocamos todas notas que comunicam a realiza\u00e7\u00e3o dos eventos da institui\u00e7\u00e3o, onde a breve trecho destacamos o objectivo desses eventos e a sua import\u00e2ncia para o subsector. EVENTOS E COMUNICA\u00c7\u00c3O Agenda de actualiza\u00e7\u00e3o sobre a realiza\u00e7\u00e3o dos principais eventos da institui\u00e7\u00e3o e colocamos alguns avisos importantes de algumas ac\u00e7\u00f5es de relevo da institui\u00e7\u00e3o tais pre\u00e7o de refer\u00eancia, inicio exporta\u00e7\u00e3o da castanha de caju. IAM NA IMPRENSA Uma esp\u00e9cie de Clipping ou seja s\u00e3o [&hellip;]<\/p>\n","protected":false},"author":1,"featured_media":0,"parent":0,"menu_order":3,"comment_status":"closed","ping_status":"closed","template":"","meta":{"_price":"","_stock":"","_tribe_ticket_header":"","_tribe_default_ticket_provider":"","_tribe_ticket_capacity":"0","_ticket_start_date":"","_ticket_end_date":"","_tribe_ticket_show_description":"","_tribe_ticket_show_not_going":false,"_tribe_ticket_use_global_stock":"","_tribe_ticket_global_stock_level":"","_global_stock_mode":"","_global_stock_cap":"","_tribe_rsvp_for_event":"","_tribe_ticket_going_count":"","_tribe_ticket_not_going_count":"","_tribe_tickets_list":"[]","_tribe_ticket_has_attendee_info_fields":false,"footnotes":"","_tec_slr_enabled":"","_tec_slr_layout":""},"class_list":["post-647","page","type-page","status-publish","hentry"],"ticketed":false,"_links":{"self":[{"href":"https:\/\/iam.gov.mz\/index.php\/wp-json\/wp\/v2\/pages\/647","targetHints":{"allow":["GET"]}}],"collection":[{"href":"https:\/\/iam.gov.mz\/index.php\/wp-json\/wp\/v2\/pages"}],"about":[{"href":"https:\/\/iam.gov.mz\/index.php\/wp-json\/wp\/v2\/types\/page"}],"author":[{"embeddable":true,"href":"https:\/\/iam.gov.mz\/index.php\/wp-json\/wp\/v2\/users\/1"}],"replies":[{"embeddable":true,"href":"https:\/\/iam.gov.mz\/index.php\/wp-json\/wp\/v2\/comments?post=647"}],"version-history":[{"count":1,"href":"https:\/\/iam.gov.mz\/index.php\/wp-json\/wp\/v2\/pages\/647\/revisions"}],"predecessor-version":[{"id":2568,"href":"https:\/\/iam.gov.mz\/index.php\/wp-json\/wp\/v2\/pages\/647\/revisions\/2568"}],"wp:attachment":[{"href":"https:\/\/iam.gov.mz\/index.php\/wp-json\/wp\/v2\/media?parent=647"}],"curies":[{"name":"wp","href":"https:\/\/api.w.org\/{rel}","templated":true}]}}