{"id":652,"date":"2022-06-29T12:18:57","date_gmt":"2022-06-29T12:18:57","guid":{"rendered":"http:\/\/iam.gov.mz\/?page_id=652"},"modified":"2022-07-14T10:02:55","modified_gmt":"2022-07-14T10:02:55","slug":"comunicacao-de-impressa","status":"publish","type":"page","link":"https:\/\/iam.gov.mz\/index.php\/comunicacao\/comunicacao-de-impressa\/","title":{"rendered":"Comunicados de Impressa"},"content":{"rendered":"\n<p>Notas que comunicam a realiza\u00e7\u00e3o dos eventos da institui\u00e7\u00e3o, onde a breve trecho destacamos os objectivos desses eventos e a sua import\u00e2ncia para o subsector.<\/p>\n\n\n<div class='w3eden'><!-- WPDM Link Template: Default Template -->\n\n<div class=\"link-template-default card mb-2\">\n    <div class=\"card-body\">\n        <div class=\"media\">\n            <div class=\"mr-3 img-48\"><img decoding=\"async\" class=\"wpdm_icon\" alt=\"Icon\"   src=\"http:\/\/iam.gov.mz\/wp-content\/plugins\/download-manager\/assets\/file-type-icons\/pdf.svg\" \/><\/div>\n            <div class=\"media-body\">\n                <h3 class=\"package-title\"><a href='https:\/\/iam.gov.mz\/index.php\/download\/comunicado-de-imprensa-reuniao-de-auscultacao\/'>Comunicado-de-Imprensa-Reuniao-de-Auscultacao<\/a><\/h3>\n                <div class=\"text-muted text-small\"><i class=\"fas fa-copy\"><\/i> 1 file(s) <i class=\"fas fa-hdd ml-3\"><\/i> 90.25 KB<\/div>\n            <\/div>\n            <div class=\"ml-3\">\n                <a class='wpdm-download-link download-on-click btn btn-primary ' rel='nofollow' href='#' data-downloadurl=\"https:\/\/iam.gov.mz\/index.php\/download\/comunicado-de-imprensa-reuniao-de-auscultacao\/?wpdmdl=780&refresh=69f3ea42ca9f61777592898\">Download<\/a>\n            <\/div>\n        <\/div>\n    <\/div>\n<\/div>\n\n<\/div>\n\n\n<div class='w3eden'><!-- WPDM Link Template: Default Template -->\n\n<div class=\"link-template-default card mb-2\">\n    <div class=\"card-body\">\n        <div class=\"media\">\n            <div class=\"mr-3 img-48\"><img decoding=\"async\" class=\"wpdm_icon\" alt=\"Icon\"   src=\"http:\/\/iam.gov.mz\/wp-content\/plugins\/download-manager\/assets\/file-type-icons\/pdf.svg\" \/><\/div>\n            <div class=\"media-body\">\n                <h3 class=\"package-title\"><a href='https:\/\/iam.gov.mz\/index.php\/download\/comunicado-de-imprensa-iia-sessao-do-comite-de-amendoas\/'>Comunicado-de-Imprensa-IIa-sessao-do-Comite-de-Am\u00eandoas.<\/a><\/h3>\n                <div class=\"text-muted text-small\"><i class=\"fas fa-copy\"><\/i> 1 file(s) <i class=\"fas fa-hdd ml-3\"><\/i> 31.23 KB<\/div>\n            <\/div>\n            <div class=\"ml-3\">\n                <a class='wpdm-download-link download-on-click btn btn-primary ' rel='nofollow' href='#' data-downloadurl=\"https:\/\/iam.gov.mz\/index.php\/download\/comunicado-de-imprensa-iia-sessao-do-comite-de-amendoas\/?wpdmdl=779&refresh=69f3ea42cd9aa1777592898\">Download<\/a>\n            <\/div>\n        <\/div>\n    <\/div>\n<\/div>\n\n<\/div>\n\n\n<div class='w3eden'><!-- WPDM Link Template: Default Template -->\n\n<div class=\"link-template-default card mb-2\">\n    <div class=\"card-body\">\n        <div class=\"media\">\n            <div class=\"mr-3 img-48\"><img decoding=\"async\" class=\"wpdm_icon\" alt=\"Icon\"   src=\"http:\/\/iam.gov.mz\/wp-content\/plugins\/download-manager\/assets\/file-type-icons\/pdf.svg\" \/><\/div>\n            <div class=\"media-body\">\n                <h3 class=\"package-title\"><a href='https:\/\/iam.gov.mz\/index.php\/download\/comunicado-de-imprensa-convite\/'>Comunicado-de-Imprensa-Convite<\/a><\/h3>\n                <div class=\"text-muted text-small\"><i class=\"fas fa-copy\"><\/i> 1 file(s) <i class=\"fas fa-hdd ml-3\"><\/i> 121.47 KB<\/div>\n            <\/div>\n            <div class=\"ml-3\">\n                <a class='wpdm-download-link download-on-click btn btn-primary ' rel='nofollow' href='#' data-downloadurl=\"https:\/\/iam.gov.mz\/index.php\/download\/comunicado-de-imprensa-convite\/?wpdmdl=778&refresh=69f3ea42cf4b71777592898\">Download<\/a>\n            <\/div>\n        <\/div>\n    <\/div>\n<\/div>\n\n<\/div>\n","protected":false},"excerpt":{"rendered":"<p>Notas que comunicam a realiza\u00e7\u00e3o dos eventos da institui\u00e7\u00e3o, onde a breve trecho destacamos os objectivos desses eventos e a sua import\u00e2ncia para o subsector.<\/p>\n","protected":false},"author":1,"featured_media":0,"parent":647,"menu_order":2,"comment_status":"closed","ping_status":"closed","template":"","meta":{"_price":"","_stock":"","_tribe_ticket_header":"","_tribe_default_ticket_provider":"","_tribe_ticket_capacity":"0","_ticket_start_date":"","_ticket_end_date":"","_tribe_ticket_show_description":"","_tribe_ticket_show_not_going":false,"_tribe_ticket_use_global_stock":"","_tribe_ticket_global_stock_level":"","_global_stock_mode":"","_global_stock_cap":"","_tribe_rsvp_for_event":"","_tribe_ticket_going_count":"","_tribe_ticket_not_going_count":"","_tribe_tickets_list":"[]","_tribe_ticket_has_attendee_info_fields":false,"footnotes":"","_tec_slr_enabled":"","_tec_slr_layout":""},"class_list":["post-652","page","type-page","status-publish","hentry"],"ticketed":false,"_links":{"self":[{"href":"https:\/\/iam.gov.mz\/index.php\/wp-json\/wp\/v2\/pages\/652","targetHints":{"allow":["GET"]}}],"collection":[{"href":"https:\/\/iam.gov.mz\/index.php\/wp-json\/wp\/v2\/pages"}],"about":[{"href":"https:\/\/iam.gov.mz\/index.php\/wp-json\/wp\/v2\/types\/page"}],"author":[{"embeddable":true,"href":"https:\/\/iam.gov.mz\/index.php\/wp-json\/wp\/v2\/users\/1"}],"replies":[{"embeddable":true,"href":"https:\/\/iam.gov.mz\/index.php\/wp-json\/wp\/v2\/comments?post=652"}],"version-history":[{"count":0,"href":"https:\/\/iam.gov.mz\/index.php\/wp-json\/wp\/v2\/pages\/652\/revisions"}],"up":[{"embeddable":true,"href":"https:\/\/iam.gov.mz\/index.php\/wp-json\/wp\/v2\/pages\/647"}],"wp:attachment":[{"href":"https:\/\/iam.gov.mz\/index.php\/wp-json\/wp\/v2\/media?parent=652"}],"curies":[{"name":"wp","href":"https:\/\/api.w.org\/{rel}","templated":true}]}}

<p>Notas que comunicam a realização dos eventos da instituição, onde a breve trecho destacamos os objectivos desses eventos e a sua importância para o subsector.</p>


<div class='w3eden'><!-- WPDM Link Template: Default Template -->

<div class="link-template-default card mb-2">
    <div class="card-body">
        <div class="media">
            <div class="mr-3 img-48"><img decoding="async" class="wpdm_icon" alt="Icon"   src="http://iam.gov.mz/wp-content/plugins/download-manager/assets/file-type-icons/pdf.svg" /></div>
            <div class="media-body">
                <h3 class="package-title"><a href='https://iam.gov.mz/index.php/download/comunicado-de-imprensa-reuniao-de-auscultacao/'>Comunicado-de-Imprensa-Reuniao-de-Auscultacao</a></h3>
                <div class="text-muted text-small"><i class="fas fa-copy"></i> 1 file(s) <i class="fas fa-hdd ml-3"></i> 90.25 KB</div>
            </div>
            <div class="ml-3">
                <a class='wpdm-download-link download-on-click btn btn-primary ' rel='nofollow' href='#' data-downloadurl="https://iam.gov.mz/index.php/download/comunicado-de-imprensa-reuniao-de-auscultacao/?wpdmdl=780&refresh=69f3ea42ca9f61777592898">Download</a>
            </div>
        </div>
    </div>
</div>

</div>


<div class='w3eden'><!-- WPDM Link Template: Default Template -->

<div class="link-template-default card mb-2">
    <div class="card-body">
        <div class="media">
            <div class="mr-3 img-48"><img decoding="async" class="wpdm_icon" alt="Icon"   src="http://iam.gov.mz/wp-content/plugins/download-manager/assets/file-type-icons/pdf.svg" /></div>
            <div class="media-body">
                <h3 class="package-title"><a href='https://iam.gov.mz/index.php/download/comunicado-de-imprensa-iia-sessao-do-comite-de-amendoas/'>Comunicado-de-Imprensa-IIa-sessao-do-Comite-de-Amêndoas.</a></h3>
                <div class="text-muted text-small"><i class="fas fa-copy"></i> 1 file(s) <i class="fas fa-hdd ml-3"></i> 31.23 KB</div>
            </div>
            <div class="ml-3">
                <a class='wpdm-download-link download-on-click btn btn-primary ' rel='nofollow' href='#' data-downloadurl="https://iam.gov.mz/index.php/download/comunicado-de-imprensa-iia-sessao-do-comite-de-amendoas/?wpdmdl=779&refresh=69f3ea42cd9aa1777592898">Download</a>
            </div>
        </div>
    </div>
</div>

</div>


<div class='w3eden'><!-- WPDM Link Template: Default Template -->

<div class="link-template-default card mb-2">
    <div class="card-body">
        <div class="media">
            <div class="mr-3 img-48"><img decoding="async" class="wpdm_icon" alt="Icon"   src="http://iam.gov.mz/wp-content/plugins/download-manager/assets/file-type-icons/pdf.svg" /></div>
            <div class="media-body">
                <h3 class="package-title"><a href='https://iam.gov.mz/index.php/download/comunicado-de-imprensa-convite/'>Comunicado-de-Imprensa-Convite</a></h3>
                <div class="text-muted text-small"><i class="fas fa-copy"></i> 1 file(s) <i class="fas fa-hdd ml-3"></i> 121.47 KB</div>
            </div>
            <div class="ml-3">
                <a class='wpdm-download-link download-on-click btn btn-primary ' rel='nofollow' href='#' data-downloadurl="https://iam.gov.mz/index.php/download/comunicado-de-imprensa-convite/?wpdmdl=778&refresh=69f3ea42cf4b71777592898">Download</a>
            </div>
        </div>
    </div>
</div>

</div>

<p>Notas que comunicam a realização dos eventos da instituição, onde a breve trecho destacamos os objectivos desses eventos e a sua importância para o subsector.</p>
